-4*m**3 - 7*m**2 - 3*m - 3. Let h(g) = -3*q(g) - 2*t(g). Let p = -19 - -13. Give h(p).
-3
Let u(n) = 6 - 4*n**2 + 12 - n**3 - 5*n - 20. What is u(-3)?
4
Let o(a) be the second derivative of a**5/20 - a**4/3 - a**3 + 3*a**2/2 + 3*a. Let g be o(5). Let l(s) = -5*s - 2. Determine l(g).
8
Let n(a) = a**3 - 6*a**2 - 8*a + 4. Let r(d) = 5*d + 2. Let q be r(1). Calculate n(q).
-3
Let u(g) = -3*g - 6. Let n = 5 - 4. Let j(r) = -1. Let m(z) = n*u(z) - 6*j(z). What is m(-3)?
9
Suppose -5*k = 2*a - 28 + 4, -5*a + 22 = 3*k. Suppose 3*t + t = k. Let j(r) = 17*r - 1. What is j(t)?
16
Let r(l) = -13*l**3 + l**2 + 6*l - 5. Let i(h) = -11*h**3 + 2*h**2 + 5*h - 5. Let w(p) = -7*i(p) + 6*r(p). Determine w(-8).
-3
Let w(k) = k**3 - k + 7 + 0*k + 0*k**3. Determine w(0).
7
Let o(l) be the third derivative of -l**4/12 - l**3/6 + 2*l**2. Give o(4).
-9
Suppose -5*p = -3*p - 8. Let w(r) = 27*r + 42 - 47 - 26*r. Determine w(p).
-1
Let p(z) be the second derivative of 1/6*z**3 - 1/20*z**5 - 1/12*z**4 - 2*z + 0 - 9/2*z**2. Determine p(0).
-9
Let u(k) = k**3 - 4*k**2 - 2*k + 5. Let n(o) = -5*o**3 + 19*o**2 + 11*o - 25. Let w(s) = 2*n(s) + 11*u(s). What is w(6)?
5
Let p(x) be the second derivative of x**5/60 + x**4/12 - x**3/2 + 2*x. Let i(l) be the second derivative of p(l). Determine i(2).
6
Let j(h) be the second derivative of -2*h**2 + 0 + 4*h - 1/3*h**3. Determine j(-3).
2
Let k = -4 - -6. Let p(s) be the second derivative of -s**5/20 + s**4/12 + s**3/3 - s**2 + 14*s. Calculate p(k).
-2
Let l(s) = s**2 + 2*s. Let z(u) = u - 2*u + 4 - 4. Let w be (-2)/(-2) + 4/2. Let i(r) = w*z(r) + 2*l(r). What is i(-1)?
1
Let w = 2 + 0. Let s be ((-4)/(-3) - w)*-6. Let x(i) = 0 + s + i + 3*i - 2 + i**2. What is x(-5)?
7
Let f be -2*(-1)/(-4)*-10. Let g(n) = -2*n + 1. Give g(f).
-9
Let w(y) = y - 1. Suppose -4*m - 1 = -5. Let g(f) = -6*f + 4. Let v(d) = m*g(d) + 5*w(d). Determine v(1).
-2
Let g(v) = -3*v - 1. Let c(o) = -o. Let t(d) = 17*c(d) - 6*g(d). Give t(6).
12
Suppose -2*n = -5*n - 3. Let c(s) = -9*s**2 - 2*s - 1. Calculate c(n).
-8
Suppose -5*w + 2*f = 14, w + 2*f + 14 = -w. Let y(z) = -1. Let g(b) = -b**2 - 2*b + 9. Let a(k) = -g(k) - 5*y(k). What is a(w)?
4
Let j = -3 - -8. Let o(s) = s**2 + 3*s + 1 - 2*s**2 - s**2 + s**2. Determine o(j).
-9
Let y(u) = -u**3 - 6*u**2 - 5*u - 2. Suppose 9*h - 4*h - 3*i - 89 = 0, 2*i = -6. Let d = 11 - h. Calculate y(d).
-2
Let q be (3/(-4))/((-2)/16). Let w(m) = m**2 - 4 - 2*m**2 + 11*m - q*m. Calculate w(3).
2
Let y(p) = -2*p**2 + 2*p - 1. Let w(i) = -i**2 + i. Let u(m) = -3*w(m) + y(m). Let l(b) = 3 - 5 - 9*b - 3 + 2*b**2. Let g(x) = -l(x) + 3*u(x). What is g(-5)?
-3
Let r(l) be the third derivative of -l**6/120 + l**5/10 - l**4/12 + 7*l**3/6 - 3*l**2. What is r(6)?
-5
Suppose 2*b - 2*w + 16 = -0*w, 4 = 2*w. Let k(p) = 2*p - p + 3 - 4. Give k(b).
-7
Suppose 4*g - 21 = -3*f, 3 = g + 4*f + 14. Let u be -2 + -1 + 0 + g. Let c(y) = -3*y - u*y**2 + 9*y + 2 + 7*y**2. What is c(-5)?
-3
Let s(u) = -u**2 + u - 8. Let l(i) = i**2 + i - 3. Let z be l(0). Let w be 3/z*(0 - 0). Calculate s(w).
-8
Let d be 34/8 + 4/(-16). Let x(u) = u**2 + 4 - 3*u + 0*u**2 - 3*u. Determine x(d).
-4
Let j be 0/(-4 + 3 - -2). Let z(s) = -s**3 - 6. What is z(j)?
-6
Let q(v) = -2*v - 4. Let a be q(-3). Let x(f) = -1 + 1 - 3 + 5 + f**a. Give x(0).
2
Let k(z) be the first derivative of 5*z**2 - z + 30. What is k(1)?
9
Let j(h) = 0 - 15*h - 1 + 14*h - 4. Give j(-6).
1
Let v(o) = -15*o**2 + 6*o - 1. Let d(r) = -8*r**2 + 3*r - 1. Let y(p) = -7*d(p) + 4*v(p). Calculate y(-2).
-19
Let n(q) = -q**3 + 5*q**2 + 4*q + 5. Let z be 26 - (-3 - (1 + -3)). Suppose m - 5*a = -22, -3*a + z = 2*m + 2*m. Let p = m + 3. Calculate n(p).
-7
Let x(b) = 5*b**3 - 8*b**2 - b - 4. Let s(c) = -c**3 + c**2 + c + 1. Let t(i) = -3*s(i) - x(i). Give t(3).
-14
Let h(k) = -11*k**3 - 5*k**2 + 8*k - 8. Let a(n) = -7*n**3 - 3*n**2 + 5*n - 5. Let p(l) = -8*a(l) + 5*h(l). Let m = -1 - -1. What is p(m)?
0
Let h(y) be the second derivative of 2/3*y**3 + 1/12*y**4 + 2*y**2 + 3*y + 0. Give h(-4).
4
Let i(p) = -3*p**3 - 8*p**2 + 2*p - 7. Let q(w) = w**3 + 3*w**2 - w + 2. Let r(d) = 2*i(d) + 7*q(d). Calculate r(-5).
15
Let v = -29 - -19. Let f = v + 7. Let y = 8 + f. Let c(d) = -d**2 + 3*d + 2. Determine c(y).
-8
Let w = 2 + 0. Let b be 13/w*(1 + 1). Suppose m = -5*s + 37 - b, -4*m = s - 1. Let f(v) = v**2 - 5*v - 4. What is f(s)?
-4
Suppose -r - 2 = r. Let d(l) = -2*l**3 + 6*l**2 - 5. Let j(z) = -z**3 + z**2 - 1. Let w(a) = d(a) - 5*j(a). What is w(r)?
-2
Let d(n) be the second derivative of n**5/20 + n**4/12 - n**3/2 + n**2 - n. Let m = -1 - -8. Let v = 9 - m. Calculate d(v).
8
Suppose l = 2*l + 3. Let x(c) = -c**3 - 5*c**2 - 4*c. Determine x(l).
-6
Suppose -5*c = -4*x - 3 - 10, -5*c + 10 = -5*x. Let v(h) be the third derivative of -h**4/24 + 2*h**3 - 2*h**2. Calculate v(c).
7
Suppose 2*f - 7*f = 50. Let l be (-3)/(-2)*f/(-15). Let i be 9/(-3)*(-2 + l). Let t(y) = -2*y + 4. Determine t(i).
-2
Let i(c) = c**3 + 8*c**2 - 2*c - 7. Let h(t) = -3*t**3 + 3*t**2 + 4*t - 4. Let n be h(2). Determine i(n).
9
Let f(b) = 22*b**2 + 1. Suppose 5*q + 5*i = -2 + 12, 2*q - 5*i + 17 = 0. What is f(q)?
23
Let t(m) = m**2 + m - 11. Let k = 6 + -6. Suppose o = -k*o. Give t(o).
-11
Let l be (-48)/(-2)*(-3)/9*-1. Let r(n) = -n**2 + 8*n + 5. Calculate r(l).
5
Suppose 3*o + o = 28. Suppose n + 4 = 2*u - o*u, 3 = -4*u - n. Let d(m) = -m - 1. Let w be d(u). Let b(t) = -t**3 - t**2 - 1. Determine b(w).
-1
Let g(h) be the first derivative of -3*h**2/2 + 7*h + 6. Let y(w) = 8*w - 20. Let d(q) = 11*g(q) + 4*y(q). Calculate d(-6).
3
Suppose -3*g = -12, -5*i - 5*g + 4*g + 34 = 0. Let z be 80/(-24)*i/4. Let y(t) = t**2 + 6*t + 3. Determine y(z).
-2
Let f(s) = -s**3 - 4*s**2 - 4*s. Let l(b) = b**3 + 0 + 0 - 6*b**2 - 2*b**2 + 1. Let p be l(8). Suppose p + 2 = -i. Give f(i).
3
Suppose 5*m + 9 = -6. Let x(p) be the first derivative of -p**4/4 - 2*p**3/3 + 3*p**2/2 - 3*p + 15. Calculate x(m).
-3
Let f(g) = -g**3 + 9*g**2 + 2*g - 8. Let v(u) = u**3 - 10*u**2 - 2*u + 9. Let m(o) = 6*f(o) + 5*v(o). Give m(2).
9
Let k(z) = -z + 2. Suppose 3*y - 13 - 35 = 0. Suppose 5*i = -0*i + 140. Suppose 7*m + i = -3*u + 3*m, -4*m = y. What is k(u)?
6
Let u(c) be the first derivative of -2*c**3/3 - c**2 + 1. Suppose 24*t + 4 = 22*t. What is u(t)?
-4
Let i be 208/(-117) - (-2)/(-9). Let a(u) be the third derivative of -u**5/30 - u**4/12 - u**3/3 + u**2. Determine a(i).
-6
Let b(x) = 0*x - 26 + 29 + 6*x + x**2. Determine b(-5).
-2
Let o be (-1)/(-2)*(6 - 8). Let j(l) = -6*l**2 - 2*l - 1. Determine j(o).
-5
Let u(c) = -1. Let i(n) = -6*n - 4. Let r = 6 - 7. Let x(a) = r*i(a) + 5*u(a). What is x(1)?
5
Let u(g) = -g**2 - 4*g + 3. Let b be u(-3). Suppose 2*c + 5*s - 3 - 6 = 0, 2*c - b = -2*s. Suppose 2 = -c*q + 10. Let d(y) = 3*y - 5. What is d(q)?
7
Let r = 67 + -39. Let b = r + -27. Let f(p) = 3*p**2 - p. What is f(b)?
2
Let j(f) = f - 7. Let k = 8 - 6. Let o(g) = g - 6. Let v(s) = k*j(s) - 3*o(s). Give v(3).
1
Let h(n) = -7*n + 8*n + 3 + 0. Give h(-2).
1
Let c(a) = 31*a**3 - 1 - 2*a + 2*a**2 + 2*a**2 - 4 - 30*a**3. Calculate c(-4).
3
Let t(c) = 5*c**2 - 5*c - 6. Let m(h) = -6*h**2 + 6*h + 7. Let r(w) = -3*m(w) - 4*t(w). Calculate r(3).
-9
Let z(o) = -o**3 - 10*o**2 - o - 8. Let r be z(-10). Suppose -r*t + 2 = -6. Let y(d) = -d**3 + 5*d**2 - 5*d - 3. What is y(t)?
-7
Let l(d) = 2*d - 3. Let s = 122 - 42. Suppose -18 = 2*y - 4*g - s, -y + 33 = -3*g. Suppose 5*o - 4*i + 10 = 0, o = 3*i - 8*i + y. What is l(o)?
1
Let l(o) = -o - 5. Let u(y) = 3*y + 16. Suppose -2*v = 14 - 2. Let r(k) = v*u(k) - 17*l(k). What is r(-5)?
-6
Suppose -2*o - 4*b = 6, -4*b - 24 = o - 5*o. Let t(d) = 2*d**2 - 3*d - 3. What is t(o)?
6
Let v be (-6)/(-4) - 2/4. Let w(o) = 3*o + 23. Let b be w(-7). Let f(a) = -2*a - v + 6*a**2 + a - a**b - 2*a**2. Determine f(2).
9
Let o(g) = -g**3 - 6*g**2 + 8*g - 1. Let r(x) = 3*x**3 + 18*x**2 - 24*x + 2. Let y(s) = 11*o(s) + 4*r(s). Give y(-7).
4
Let s(x) = 277*x - 139*x - 141*x - x**2. Give s(-3).
0
Let z(o) = o**3 + 3*o**2 - 3*o - 3. Let d(n) = -n**2 + 2*n + 6. Let b be d(5). Let v = b - -13. Suppose 0 = -a - 5*u - 12 - 17, -v*a + u = 11. Give z(a).
-7
Let i(g) be the second derivative of -g**8/6720 - g**7/360 - g**6/90 - g**5/30 - g**4/6 + 3*g. Let r(u) be the third